{"id":585,"date":"2023-08-25T16:36:38","date_gmt":"2023-08-25T19:36:38","guid":{"rendered":"https:\/\/fenixbijuterias.com.br\/index.php\/produto\/entremeio-olho-grego-achatado-10mm-em-resina-com-100-pecas-azul-preto\/"},"modified":"2024-07-05T23:42:15","modified_gmt":"2024-07-06T02:42:15","slug":"entremeio-olho-grego-achatado-10mm-em-resina-com-100-pecas-azul-preto","status":"publish","type":"product","link":"https:\/\/fenixbijuterias.com.br\/index.php\/produto\/entremeio-olho-grego-achatado-10mm-em-resina-com-100-pecas-azul-preto\/","title":{"rendered":"ENTREMEIO OLHO GREGO ACHATADO 10mm EM RESINA COM 100 PE\u00c7AS (AZUL-PRETO )"},"content":{"rendered":"","protected":false},"excerpt":{"rendered":"<p>Descri\u00e7\u00e3o<br \/>\nProduzido em resina, o olho grego \u00e9 ideal para confec\u00e7\u00e3o e customiza\u00e7\u00e3o em bijuterias, chaveiros, decora\u00e7\u00f5es, lembrancinhas e artesanatos em geral<\/p>\n<p>Ficha T\u00e9cnica<\/p>\n<p>Material: 100% Resina<br \/>\nFormato: Redondo<br \/>\nTipo: Passante<br \/>\nTamanho: 10mm<br \/>\nQuantidade: 100 pe\u00e7as (Aproximadamente)<br \/>\nProduto: Importado<br \/>\nPeso: 21g (Pacote)<\/p>\n<p>* Aten\u00e7\u00e3o: A cor do produto pode variar de acordo com a importa\u00e7\u00e3o *<br \/>\n* Conserva\u00e7\u00e3o: Para uma melhor conserva\u00e7\u00e3o do produto evitar contato com produtos qu\u00edmicos *<\/p>\n","protected":false},"featured_media":583,"comment_status":"open","ping_status":"closed","template":"","meta":{"_joinchat":[]},"product_cat":[19],"product_tag":[],"_links":{"self":[{"href":"https:\/\/fenixbijuterias.com.br\/index.php\/wp-json\/wp\/v2\/product\/585"}],"collection":[{"href":"https:\/\/fenixbijuterias.com.br\/index.php\/wp-json\/wp\/v2\/product"}],"about":[{"href":"https:\/\/fenixbijuterias.com.br\/index.php\/wp-json\/wp\/v2\/types\/product"}],"replies":[{"embeddable":true,"href":"https:\/\/fenixbijuterias.com.br\/index.php\/wp-json\/wp\/v2\/comments?post=585"}],"wp:featuredmedia":[{"embeddable":true,"href":"https:\/\/fenixbijuterias.com.br\/index.php\/wp-json\/wp\/v2\/media\/583"}],"wp:attachment":[{"href":"https:\/\/fenixbijuterias.com.br\/index.php\/wp-json\/wp\/v2\/media?parent=585"}],"wp:term":[{"taxonomy":"product_cat","embeddable":true,"href":"https:\/\/fenixbijuterias.com.br\/index.php\/wp-json\/wp\/v2\/product_cat?post=585"},{"taxonomy":"product_tag","embeddable":true,"href":"https:\/\/fenixbijuterias.com.br\/index.php\/wp-json\/wp\/v2\/product_tag?post=585"}],"curies":[{"name":"wp","href":"https:\/\/api.w.org\/{rel}","templated":true}]}}