{"id":582,"date":"2023-08-25T16:36:31","date_gmt":"2023-08-25T19:36:31","guid":{"rendered":"https:\/\/fenixbijuterias.com.br\/index.php\/produto\/500-micangas-doces-de-borracha-pvc-para-pulseira-infantil-10mm\/"},"modified":"2024-07-02T23:47:55","modified_gmt":"2024-07-03T02:47:55","slug":"500-micangas-doces-de-borracha-pvc-para-pulseira-infantil-10mm","status":"publish","type":"product","link":"https:\/\/fenixbijuterias.com.br\/index.php\/produto\/500-micangas-doces-de-borracha-pvc-para-pulseira-infantil-10mm\/","title":{"rendered":"500 MI\u00c7ANGAS DOCES DE BORRACHA -PVC- PARA PULSEIRA INFANTIL 10MM"},"content":{"rendered":"","protected":false},"excerpt":{"rendered":"<p>Entremeio de borracha com forma de Doces \u00e9 Ideal para confec\u00e7\u00e3o de pulseiras, colares, tornozeleiras e decora\u00e7\u00e3o em geral <\/p>\n<p>Quantidade: 500 P\u00e7s <br \/>\nCor: Variadas<br \/>\nTamanho*: 10mm.<br \/>\nEspessura*: 5mm.<br \/>\nDi\u00e2metro do furo* 2mm.<br \/>\nMat\u00e9rial: Pvc <br \/>\nFormato: Doces<\/p>\n<p>*Temos A Pronta Entrega<br \/>\n* N\u00e3o Perca Tempo E Pe\u00e7a J\u00e1 o Seu !!<\/p>\n","protected":false},"featured_media":581,"comment_status":"open","ping_status":"closed","template":"","meta":{"_joinchat":[]},"product_cat":[19,24],"product_tag":[],"_links":{"self":[{"href":"https:\/\/fenixbijuterias.com.br\/index.php\/wp-json\/wp\/v2\/product\/582"}],"collection":[{"href":"https:\/\/fenixbijuterias.com.br\/index.php\/wp-json\/wp\/v2\/product"}],"about":[{"href":"https:\/\/fenixbijuterias.com.br\/index.php\/wp-json\/wp\/v2\/types\/product"}],"replies":[{"embeddable":true,"href":"https:\/\/fenixbijuterias.com.br\/index.php\/wp-json\/wp\/v2\/comments?post=582"}],"wp:featuredmedia":[{"embeddable":true,"href":"https:\/\/fenixbijuterias.com.br\/index.php\/wp-json\/wp\/v2\/media\/581"}],"wp:attachment":[{"href":"https:\/\/fenixbijuterias.com.br\/index.php\/wp-json\/wp\/v2\/media?parent=582"}],"wp:term":[{"taxonomy":"product_cat","embeddable":true,"href":"https:\/\/fenixbijuterias.com.br\/index.php\/wp-json\/wp\/v2\/product_cat?post=582"},{"taxonomy":"product_tag","embeddable":true,"href":"https:\/\/fenixbijuterias.com.br\/index.php\/wp-json\/wp\/v2\/product_tag?post=582"}],"curies":[{"name":"wp","href":"https:\/\/api.w.org\/{rel}","templated":true}]}}