{"id":566,"date":"2023-08-25T16:32:30","date_gmt":"2023-08-25T19:32:30","guid":{"rendered":"https:\/\/fenixbijuterias.com.br\/index.php\/produto\/micanga-bola-fosca-com-miolo-escuro-passante-8mm-cor-marsala-50g\/"},"modified":"2024-07-02T23:48:18","modified_gmt":"2024-07-03T02:48:18","slug":"micanga-bola-fosca-com-miolo-escuro-passante-8mm-cor-marsala-50g","status":"publish","type":"product","link":"https:\/\/fenixbijuterias.com.br\/index.php\/produto\/micanga-bola-fosca-com-miolo-escuro-passante-8mm-cor-marsala-50g\/","title":{"rendered":"MI\u00c7ANGA BOLA FOSCA COM MIOLO ESCURO PASSANTE 8mm COR MARSALA 50g"},"content":{"rendered":"","protected":false},"excerpt":{"rendered":"<p>Bola Fosca \u00e9 Ideal para confec\u00e7\u00e3o, customiza\u00e7\u00e3o em roupa, chinelos, Cortinas, bijuterias e Artesanato em Geral<\/p>\n<p>Tamanho: 8 mm<br \/>\nCor: Marsala<br \/>\nPeso : 50g<br \/>\nMat\u00e9rial: Acr\u00edlico<br \/>\nTipo: Passante<br \/>\nFormato: Redondo<br \/>\nAproximadamente: 90 Pe\u00e7as<\/p>\n","protected":false},"featured_media":609,"comment_status":"open","ping_status":"closed","template":"","meta":{"_joinchat":[]},"product_cat":[19,23],"product_tag":[],"_links":{"self":[{"href":"https:\/\/fenixbijuterias.com.br\/index.php\/wp-json\/wp\/v2\/product\/566"}],"collection":[{"href":"https:\/\/fenixbijuterias.com.br\/index.php\/wp-json\/wp\/v2\/product"}],"about":[{"href":"https:\/\/fenixbijuterias.com.br\/index.php\/wp-json\/wp\/v2\/types\/product"}],"replies":[{"embeddable":true,"href":"https:\/\/fenixbijuterias.com.br\/index.php\/wp-json\/wp\/v2\/comments?post=566"}],"wp:featuredmedia":[{"embeddable":true,"href":"https:\/\/fenixbijuterias.com.br\/index.php\/wp-json\/wp\/v2\/media\/609"}],"wp:attachment":[{"href":"https:\/\/fenixbijuterias.com.br\/index.php\/wp-json\/wp\/v2\/media?parent=566"}],"wp:term":[{"taxonomy":"product_cat","embeddable":true,"href":"https:\/\/fenixbijuterias.com.br\/index.php\/wp-json\/wp\/v2\/product_cat?post=566"},{"taxonomy":"product_tag","embeddable":true,"href":"https:\/\/fenixbijuterias.com.br\/index.php\/wp-json\/wp\/v2\/product_tag?post=566"}],"curies":[{"name":"wp","href":"https:\/\/api.w.org\/{rel}","templated":true}]}}