{"id":562,"date":"2023-08-25T16:32:21","date_gmt":"2023-08-25T19:32:21","guid":{"rendered":"https:\/\/fenixbijuterias.com.br\/index.php\/produto\/250-micangas-bola-sextavada-colorida-com-miolo-8mm-em-acrilico-com-64g\/"},"modified":"2024-07-02T23:47:56","modified_gmt":"2024-07-03T02:47:56","slug":"250-micangas-bola-sextavada-colorida-com-miolo-8mm-em-acrilico-com-64g","status":"publish","type":"product","link":"https:\/\/fenixbijuterias.com.br\/index.php\/produto\/250-micangas-bola-sextavada-colorida-com-miolo-8mm-em-acrilico-com-64g\/","title":{"rendered":"250 MI\u00c7ANGAS BOLA SEXTAVADA COLORIDA COM MIOLO 8MM  EM ACRILICO COM 64g"},"content":{"rendered":"","protected":false},"excerpt":{"rendered":"<p>Entremeio Bola Passante \u00e9 Ideal Para Confec\u00e7\u00e3o de bijuterias e artesanato em geral<\/p>\n<p>Quantidade: Aprox 250 P\u00e7s<br \/>\nPeso: 64 g<br \/>\nTamanho: 8 mm<br \/>\nCor Colorida<br \/>\nMat\u00e9rial: Acr\u00edlico<\/p>\n","protected":false},"featured_media":570,"comment_status":"open","ping_status":"closed","template":"","meta":{"_joinchat":[]},"product_cat":[19],"product_tag":[],"_links":{"self":[{"href":"https:\/\/fenixbijuterias.com.br\/index.php\/wp-json\/wp\/v2\/product\/562"}],"collection":[{"href":"https:\/\/fenixbijuterias.com.br\/index.php\/wp-json\/wp\/v2\/product"}],"about":[{"href":"https:\/\/fenixbijuterias.com.br\/index.php\/wp-json\/wp\/v2\/types\/product"}],"replies":[{"embeddable":true,"href":"https:\/\/fenixbijuterias.com.br\/index.php\/wp-json\/wp\/v2\/comments?post=562"}],"wp:featuredmedia":[{"embeddable":true,"href":"https:\/\/fenixbijuterias.com.br\/index.php\/wp-json\/wp\/v2\/media\/570"}],"wp:attachment":[{"href":"https:\/\/fenixbijuterias.com.br\/index.php\/wp-json\/wp\/v2\/media?parent=562"}],"wp:term":[{"taxonomy":"product_cat","embeddable":true,"href":"https:\/\/fenixbijuterias.com.br\/index.php\/wp-json\/wp\/v2\/product_cat?post=562"},{"taxonomy":"product_tag","embeddable":true,"href":"https:\/\/fenixbijuterias.com.br\/index.php\/wp-json\/wp\/v2\/product_tag?post=562"}],"curies":[{"name":"wp","href":"https:\/\/api.w.org\/{rel}","templated":true}]}}