{"id":544,"date":"2023-08-25T16:27:54","date_gmt":"2023-08-25T19:27:54","guid":{"rendered":"https:\/\/fenixbijuterias.com.br\/index.php\/produto\/entremeio-redondo-smile-7mm-em-acrilico-colorido-400pcs\/"},"modified":"2024-07-02T23:48:09","modified_gmt":"2024-07-03T02:48:09","slug":"entremeio-redondo-smile-7mm-em-acrilico-colorido-400pcs","status":"publish","type":"product","link":"https:\/\/fenixbijuterias.com.br\/index.php\/produto\/entremeio-redondo-smile-7mm-em-acrilico-colorido-400pcs\/","title":{"rendered":"ENTREMEIO REDONDO Smile 7mm EM ACRILICO  COLORIDO (400p\u00e7s)"},"content":{"rendered":"","protected":false},"excerpt":{"rendered":"<p>Entremeios mi\u00e7angas Smile passante<\/p>\n<p>* Ideal para confec\u00e7\u00e3o de pulseiras,tornozeleiras, colares, cord\u00e3o, bijuterias e artesanatos em geral.<\/p>\n<p>*Quantidade: 400 pe\u00e7as<br \/>\n*Peso: 62 g<br \/>\n*Cor Colorido .<br \/>\n*Tamanho: 7 mm<br \/>\n*Formato: Redondo<\/p>\n<p>*** Temos a Pronta Entrega !! ****<\/p>\n","protected":false},"featured_media":542,"comment_status":"open","ping_status":"closed","template":"","meta":{"_joinchat":[]},"product_cat":[19],"product_tag":[],"_links":{"self":[{"href":"https:\/\/fenixbijuterias.com.br\/index.php\/wp-json\/wp\/v2\/product\/544"}],"collection":[{"href":"https:\/\/fenixbijuterias.com.br\/index.php\/wp-json\/wp\/v2\/product"}],"about":[{"href":"https:\/\/fenixbijuterias.com.br\/index.php\/wp-json\/wp\/v2\/types\/product"}],"replies":[{"embeddable":true,"href":"https:\/\/fenixbijuterias.com.br\/index.php\/wp-json\/wp\/v2\/comments?post=544"}],"wp:featuredmedia":[{"embeddable":true,"href":"https:\/\/fenixbijuterias.com.br\/index.php\/wp-json\/wp\/v2\/media\/542"}],"wp:attachment":[{"href":"https:\/\/fenixbijuterias.com.br\/index.php\/wp-json\/wp\/v2\/media?parent=544"}],"wp:term":[{"taxonomy":"product_cat","embeddable":true,"href":"https:\/\/fenixbijuterias.com.br\/index.php\/wp-json\/wp\/v2\/product_cat?post=544"},{"taxonomy":"product_tag","embeddable":true,"href":"https:\/\/fenixbijuterias.com.br\/index.php\/wp-json\/wp\/v2\/product_tag?post=544"}],"curies":[{"name":"wp","href":"https:\/\/api.w.org\/{rel}","templated":true}]}}