{"id":321,"date":"2023-08-25T15:55:26","date_gmt":"2023-08-25T18:55:26","guid":{"rendered":"https:\/\/fenixbijuterias.com.br\/index.php\/produto\/perola-inteira-com-furo-12mm-em-abs-500g-cor-rosa-claro\/"},"modified":"2024-07-02T23:48:35","modified_gmt":"2024-07-03T02:48:35","slug":"perola-inteira-com-furo-12mm-em-abs-500g-cor-rosa-claro","status":"publish","type":"product","link":"https:\/\/fenixbijuterias.com.br\/index.php\/produto\/perola-inteira-com-furo-12mm-em-abs-500g-cor-rosa-claro\/","title":{"rendered":"PEROLA INTEIRA COM FURO 12MM EM ABS 500G COR: ROSA CLARO"},"content":{"rendered":"","protected":false},"excerpt":{"rendered":"<p>PEROLA INTEIRA COM FURO 12MM EM ABS 500G COR: ROSA CLARO<\/p>\n<p>Produzido em abs, a p\u00e9rola \u00e9 ideal para confec\u00e7\u00e3o em ropas, bolsas, vestidos de noiva, sand\u00e1lias, bijuterias, lembrancinhas, chaveiros, cortinas, lustres, vasos, bandejas, decora\u00e7\u00f5es e artesanatos em geral<br \/>\nFicha T\u00e9cnica<br \/>\nMaterial: 100% ABS<br \/>\nFormato: Redondo<br \/>\nTipo: Passante<br \/>\nTamanho: 12mm<br \/>\nProduto: Importado<br \/>\nPeso: 500gr (pacote)*<\/p>\n<p>Aten\u00e7\u00e3o: A cor do produto pode variar de acordo com a importa\u00e7\u00e3o ** Conserva\u00e7\u00e3o: Para uma melhor conserva\u00e7\u00e3o do produto evitar contato com produtos qu\u00edmicos\u00a0*Ref\u00a0910040*A Pronta Entrega..<\/p>\n<p>N\u00e3o Perca Tempo\u00a0e\u00a0Pe\u00e7a\u00a0J\u00e1\u00a0o\u00a0Seu<\/p>\n","protected":false},"featured_media":641,"comment_status":"open","ping_status":"closed","template":"","meta":{"_joinchat":[]},"product_cat":[24,17],"product_tag":[],"_links":{"self":[{"href":"https:\/\/fenixbijuterias.com.br\/index.php\/wp-json\/wp\/v2\/product\/321"}],"collection":[{"href":"https:\/\/fenixbijuterias.com.br\/index.php\/wp-json\/wp\/v2\/product"}],"about":[{"href":"https:\/\/fenixbijuterias.com.br\/index.php\/wp-json\/wp\/v2\/types\/product"}],"replies":[{"embeddable":true,"href":"https:\/\/fenixbijuterias.com.br\/index.php\/wp-json\/wp\/v2\/comments?post=321"}],"wp:featuredmedia":[{"embeddable":true,"href":"https:\/\/fenixbijuterias.com.br\/index.php\/wp-json\/wp\/v2\/media\/641"}],"wp:attachment":[{"href":"https:\/\/fenixbijuterias.com.br\/index.php\/wp-json\/wp\/v2\/media?parent=321"}],"wp:term":[{"taxonomy":"product_cat","embeddable":true,"href":"https:\/\/fenixbijuterias.com.br\/index.php\/wp-json\/wp\/v2\/product_cat?post=321"},{"taxonomy":"product_tag","embeddable":true,"href":"https:\/\/fenixbijuterias.com.br\/index.php\/wp-json\/wp\/v2\/product_tag?post=321"}],"curies":[{"name":"wp","href":"https:\/\/api.w.org\/{rel}","templated":true}]}}