{"id":279,"date":"2023-08-25T15:42:55","date_gmt":"2023-08-25T18:42:55","guid":{"rendered":"https:\/\/fenixbijuterias.com.br\/index.php\/produto\/300-micangas-letras-cubo-vogais-6x6mm-aeiou-branco-colorido-50g\/"},"modified":"2024-07-02T23:47:55","modified_gmt":"2024-07-03T02:47:55","slug":"300-micangas-letras-cubo-vogais-6x6mm-aeiou-branco-colorido-50g","status":"publish","type":"product","link":"https:\/\/fenixbijuterias.com.br\/index.php\/produto\/300-micangas-letras-cubo-vogais-6x6mm-aeiou-branco-colorido-50g\/","title":{"rendered":"300 MI\u00c7ANGAS LETRAS CUBO VOGAIS 6X6MM ( AEIOU ) BRANCO \/ COLORIDO   50G"},"content":{"rendered":"","protected":false},"excerpt":{"rendered":"<p>Mi\u00e7anga letra \u00e9 ideal para confec\u00e7\u00f5es de colares, pulseiras, tornozeleiras, bijuterias e artesanato em geral<\/p>\n<p>VOGAIS: A E I O U<\/p>\n<p>Cor: Colorida<br \/>\nPeso: 50 gramas<br \/>\nTamanho: 6mm<br \/>\nDi\u00e2metro do Furo: 3mm<br \/>\nMat\u00e9rial: Pl\u00e1stico<br \/>\nFormato: Cubo<\/p>\n<p>*Os pacotes s\u00e3o montados de maneira Sortidas<\/p>\n<p>* Temos a Pronta Entrega !!<\/p>\n","protected":false},"featured_media":682,"comment_status":"open","ping_status":"closed","template":"","meta":{"_joinchat":[]},"product_cat":[18,23],"product_tag":[],"_links":{"self":[{"href":"https:\/\/fenixbijuterias.com.br\/index.php\/wp-json\/wp\/v2\/product\/279"}],"collection":[{"href":"https:\/\/fenixbijuterias.com.br\/index.php\/wp-json\/wp\/v2\/product"}],"about":[{"href":"https:\/\/fenixbijuterias.com.br\/index.php\/wp-json\/wp\/v2\/types\/product"}],"replies":[{"embeddable":true,"href":"https:\/\/fenixbijuterias.com.br\/index.php\/wp-json\/wp\/v2\/comments?post=279"}],"wp:featuredmedia":[{"embeddable":true,"href":"https:\/\/fenixbijuterias.com.br\/index.php\/wp-json\/wp\/v2\/media\/682"}],"wp:attachment":[{"href":"https:\/\/fenixbijuterias.com.br\/index.php\/wp-json\/wp\/v2\/media?parent=279"}],"wp:term":[{"taxonomy":"product_cat","embeddable":true,"href":"https:\/\/fenixbijuterias.com.br\/index.php\/wp-json\/wp\/v2\/product_cat?post=279"},{"taxonomy":"product_tag","embeddable":true,"href":"https:\/\/fenixbijuterias.com.br\/index.php\/wp-json\/wp\/v2\/product_tag?post=279"}],"curies":[{"name":"wp","href":"https:\/\/api.w.org\/{rel}","templated":true}]}}